[INFO] cloning repository https://github.com/jabedude/rustart
[INFO] running `Command { std: "git" "-c" "credential.helper=" "-c" "credential.helper=/workspace/cargo-home/bin/git-credential-null" "clone" "--bare" "https://github.com/jabedude/rustart" "/workspace/cache/git-repos/https%3A%2F%2Fgithub.com%2Fjabedude%2Frustart", kill_on_drop: false }`
[INFO] [stderr] Cloning into bare repository '/workspace/cache/git-repos/https%3A%2F%2Fgithub.com%2Fjabedude%2Frustart'...
[INFO] running `Command { std: "git" "rev-parse" "HEAD", kill_on_drop: false }`
[INFO] [stdout] f6f4e25f95e3d281eaa6f956119e15ec632396be
[INFO] checking jabedude/rustart against master#af3c6e733a40e671550e0f0f5aeecaa13772ba56 for pr-74989
[INFO] running `Command { std: "git" "clone" "/workspace/cache/git-repos/https%3A%2F%2Fgithub.com%2Fjabedude%2Frustart" "/workspace/builds/worker-3/source", kill_on_drop: false }`
[INFO] [stderr] Cloning into '/workspace/builds/worker-3/source'...
[INFO] [stderr] done.
[INFO] validating manifest of git repo https://github.com/jabedude/rustart on toolchain af3c6e733a40e671550e0f0f5aeecaa13772ba56
[INFO] running `Command { std: "/workspace/cargo-home/bin/cargo" "+af3c6e733a40e671550e0f0f5aeecaa13772ba56" "read-manifest" "--manifest-path" "Cargo.toml", kill_on_drop: false }`
[INFO] started tweaking git repo https://github.com/jabedude/rustart
[INFO] removed path dependency libsystemd from git repo https://github.com/jabedude/rustart
[INFO] finished tweaking git repo https://github.com/jabedude/rustart
[INFO] tweaked toml for git repo https://github.com/jabedude/rustart written to /workspace/builds/worker-3/source/Cargo.toml
[INFO] crate git repo https://github.com/jabedude/rustart already has a lockfile, it will not be regenerated
[INFO] running `Command { std: "/workspace/cargo-home/bin/cargo" "+af3c6e733a40e671550e0f0f5aeecaa13772ba56" "fetch" "--locked" "--manifest-path" "Cargo.toml", kill_on_drop: false }`
[INFO] [stderr] warning: dependency (libsystemd) specified without providing a local path, Git repository, or version to use. This will be considered an error in future versions
[INFO] [stderr]     Updating crates.io index
[INFO] [stderr] error: the lock file /workspace/builds/worker-3/source/Cargo.lock needs to be updated but --locked was passed to prevent this
[INFO] [stderr] If you want to try to generate the lock file without accessing the network, use the --offline flag.
[INFO] the lockfile is outdated, regenerating it
[INFO] running `Command { std: "/workspace/cargo-home/bin/cargo" "+af3c6e733a40e671550e0f0f5aeecaa13772ba56" "generate-lockfile" "--manifest-path" "Cargo.toml" "-Zno-index-update", kill_on_drop: false }`
[INFO] running `Command { std: "/workspace/cargo-home/bin/cargo" "+af3c6e733a40e671550e0f0f5aeecaa13772ba56" "fetch" "--locked" "--manifest-path" "Cargo.toml", kill_on_drop: false }`
[INFO] [stderr] warning: dependency (libsystemd) specified without providing a local path, Git repository, or version to use. This will be considered an error in future versions
[INFO] running `Command { std: "docker" "create" "-v" "/var/lib/crater-agent-workspace/builds/worker-3/target:/opt/rustwide/target:rw,Z" "-v" "/var/lib/crater-agent-workspace/builds/worker-3/source:/opt/rustwide/workdir:ro,Z" "-v" "/var/lib/crater-agent-workspace/cargo-home:/opt/rustwide/cargo-home:ro,Z" "-v" "/var/lib/crater-agent-workspace/rustup-home:/opt/rustwide/rustup-home:ro,Z" "-e" "SOURCE_DIR=/opt/rustwide/workdir" "-e" "CARGO_TARGET_DIR=/opt/rustwide/target" "-e" "CARGO_HOME=/opt/rustwide/cargo-home" "-e" "RUSTUP_HOME=/opt/rustwide/rustup-home" "-w" "/opt/rustwide/workdir" "-m" "1610612736" "--user" "0:0" "--network" "none" "rustops/crates-build-env@sha256:d92eaeed33fa75130ca1ee6c8a01d1ffb62bac859dfdfb3450e3e5d1c0146529" "/opt/rustwide/cargo-home/bin/cargo" "+af3c6e733a40e671550e0f0f5aeecaa13772ba56" "metadata" "--no-deps" "--format-version=1", kill_on_drop: false }`
[INFO] [stdout] 3a87633f9702bd09b884a70741f27209da492b169045b72aa12df297391bf013
[INFO] [stderr] WARNING: Your kernel does not support swap limit capabilities or the cgroup is not mounted. Memory limited without swap.
[INFO] running `Command { std: "docker" "start" "-a" "3a87633f9702bd09b884a70741f27209da492b169045b72aa12df297391bf013", kill_on_drop: false }`
[INFO] running `Command { std: "docker" "inspect" "3a87633f9702bd09b884a70741f27209da492b169045b72aa12df297391bf013", kill_on_drop: false }`
[INFO] running `Command { std: "docker" "rm" "-f" "3a87633f9702bd09b884a70741f27209da492b169045b72aa12df297391bf013", kill_on_drop: false }`
[INFO] [stdout] 3a87633f9702bd09b884a70741f27209da492b169045b72aa12df297391bf013
[INFO] running `Command { std: "docker" "create" "-v" "/var/lib/crater-agent-workspace/builds/worker-3/target:/opt/rustwide/target:rw,Z" "-v" "/var/lib/crater-agent-workspace/builds/worker-3/source:/opt/rustwide/workdir:ro,Z" "-v" "/var/lib/crater-agent-workspace/cargo-home:/opt/rustwide/cargo-home:ro,Z" "-v" "/var/lib/crater-agent-workspace/rustup-home:/opt/rustwide/rustup-home:ro,Z" "-e" "SOURCE_DIR=/opt/rustwide/workdir" "-e" "CARGO_TARGET_DIR=/opt/rustwide/target" "-e" "CARGO_INCREMENTAL=0" "-e" "RUST_BACKTRACE=full" "-e" "RUSTFLAGS=--cap-lints=forbid" "-e" "CARGO_HOME=/opt/rustwide/cargo-home" "-e" "RUSTUP_HOME=/opt/rustwide/rustup-home" "-w" "/opt/rustwide/workdir" "-m" "1610612736" "--user" "0:0" "--network" "none" "rustops/crates-build-env@sha256:d92eaeed33fa75130ca1ee6c8a01d1ffb62bac859dfdfb3450e3e5d1c0146529" "/opt/rustwide/cargo-home/bin/cargo" "+af3c6e733a40e671550e0f0f5aeecaa13772ba56" "check" "--frozen" "--all" "--all-targets" "--message-format=json", kill_on_drop: false }`
[INFO] [stderr] WARNING: Your kernel does not support swap limit capabilities or the cgroup is not mounted. Memory limited without swap.
[INFO] [stdout] 00f09989b0ba02e91552557efe5805062380fd7c6bf166d1f801e31782a4127d
[INFO] running `Command { std: "docker" "start" "-a" "00f09989b0ba02e91552557efe5805062380fd7c6bf166d1f801e31782a4127d", kill_on_drop: false }`
[INFO] [stderr] warning: dependency (libsystemd) specified without providing a local path, Git repository, or version to use. This will be considered an error in future versions
[INFO] [stderr]    Compiling proc-macro2 v1.0.21
[INFO] [stderr]    Compiling unicode-xid v0.2.1
[INFO] [stderr]    Compiling typenum v1.12.0
[INFO] [stderr]    Compiling syn v1.0.41
[INFO] [stderr]     Checking cfg-if v0.1.10
[INFO] [stderr]    Compiling autocfg v1.0.1
[INFO] [stderr]    Compiling serde_derive v1.0.116
[INFO] [stderr]    Compiling byteorder v1.3.4
[INFO] [stderr]    Compiling bitflags v1.2.1
[INFO] [stderr]    Compiling serde v1.0.116
[INFO] [stderr]    Compiling version_check v0.9.2
[INFO] [stderr]     Checking byte-tools v0.3.1
[INFO] [stderr]    Compiling failure_derive v0.1.8
[INFO] [stderr]    Compiling nix v0.17.0
[INFO] [stderr]     Checking subtle v1.0.0
[INFO] [stderr]     Checking adler v0.2.3
[INFO] [stderr]     Checking gimli v0.22.0
[INFO] [stderr]     Checking opaque-debug v0.2.3
[INFO] [stderr]     Checking object v0.20.0
[INFO] [stderr]     Checking rustc-demangle v0.1.16
[INFO] [stderr]     Checking void v1.0.2
[INFO] [stderr]     Checking lazy_static v1.4.0
[INFO] [stderr]     Checking block-padding v0.1.5
[INFO] [stderr]     Checking log v0.4.11
[INFO] [stderr]     Checking thread-id v3.3.0
[INFO] [stderr]     Checking mio v0.7.0
[INFO] [stderr]     Checking simple-logging v2.0.2
[INFO] [stderr]    Compiling miniz_oxide v0.4.2
[INFO] [stderr]    Compiling error-chain v0.12.4
[INFO] [stderr]    Compiling quote v1.0.7
[INFO] [stderr]     Checking generic-array v0.12.3
[INFO] [stderr]     Checking digest v0.8.1
[INFO] [stderr]     Checking block-buffer v0.7.3
[INFO] [stderr]     Checking crypto-mac v0.7.0
[INFO] [stderr]     Checking sha2 v0.8.2
[INFO] [stderr]     Checking hmac v0.7.1
[INFO] [stderr]     Checking addr2line v0.13.0
[INFO] [stderr]     Checking backtrace v0.3.50
[INFO] [stderr]    Compiling synstructure v0.12.4
[INFO] [stderr]     Checking failure v0.1.8
[INFO] [stderr]     Checking uuid v0.8.1
[INFO] [stderr]     Checking libsystemd v0.2.1
[INFO] [stderr]     Checking rustart v0.1.0 (/opt/rustwide/workdir)
[INFO] [stdout] error[E0277]: `(dyn std::error::Error + Send + 'static)` cannot be shared between threads safely
[INFO] [stdout]   --> src/logd.rs:79:57
[INFO] [stdout]    |
[INFO] [stdout] 79 |     let mut fds = activation::receive_descriptors(false)?;
[INFO] [stdout]    |                                                         ^ `(dyn std::error::Error + Send + 'static)` cannot be shared between threads safely
[INFO] [stdout]    |
[INFO] [stdout]    = help: the trait `Sync` is not implemented for `(dyn std::error::Error + Send + 'static)`
[INFO] [stdout]    = note: required because of the requirements on the impl of `Sync` for `Unique<(dyn std::error::Error + Send + 'static)>`
[INFO] [stdout]    = note: required because it appears within the type `Box<(dyn std::error::Error + Send + 'static)>`
[INFO] [stdout]    = note: required because it appears within the type `Option<Box<(dyn std::error::Error + Send + 'static)>>`
[INFO] [stdout]    = note: required because it appears within the type `error_chain::State`
[INFO] [stdout]    = note: required because it appears within the type `libsystemd::errors::Error`
[INFO] [stdout]    = note: required because of the requirements on the impl of `Fail` for `libsystemd::errors::Error`
[INFO] [stdout]    = note: required because of the requirements on the impl of `From<libsystemd::errors::Error>` for `failure::Error`
[INFO] [stdout]    = note: required by `from`
[INFO] [stdout] 
[INFO] [stdout] 
[INFO] [stdout] error[E0277]: `(dyn std::error::Error + Send + 'static)` cannot be shared between threads safely
[INFO] [stdout]   --> src/logd.rs:83:65
[INFO] [stdout]    |
[INFO] [stdout] 83 |         daemon::notify(false, &[daemon::NotifyState::Errno(22)])?;
[INFO] [stdout]    |                                                                 ^ `(dyn std::error::Error + Send + 'static)` cannot be shared between threads safely
[INFO] [stdout]    |
[INFO] [stdout]    = help: the trait `Sync` is not implemented for `(dyn std::error::Error + Send + 'static)`
[INFO] [stdout]    = note: required because of the requirements on the impl of `Sync` for `Unique<(dyn std::error::Error + Send + 'static)>`
[INFO] [stdout]    = note: required because it appears within the type `Box<(dyn std::error::Error + Send + 'static)>`
[INFO] [stdout]    = note: required because it appears within the type `Option<Box<(dyn std::error::Error + Send + 'static)>>`
[INFO] [stdout]    = note: required because it appears within the type `error_chain::State`
[INFO] [stdout]    = note: required because it appears within the type `libsystemd::errors::Error`
[INFO] [stdout]    = note: required because of the requirements on the impl of `Fail` for `libsystemd::errors::Error`
[INFO] [stdout]    = note: required because of the requirements on the impl of `From<libsystemd::errors::Error>` for `failure::Error`
[INFO] [stdout]    = note: required by `from`
[INFO] [stdout] 
[INFO] [stdout] 
[INFO] [stdout] error[E0599]: no method named `is_stream` found for struct `FileDescriptor` in the current scope
[INFO] [stdout]   --> src/logd.rs:88:39
[INFO] [stdout]    |
[INFO] [stdout] 88 |         if raw_fd.is_unix() && raw_fd.is_stream() {
[INFO] [stdout]    |                                       ^^^^^^^^^ method not found in `FileDescriptor`
[INFO] [stdout] 
[INFO] [stdout] 
[INFO] [stdout] error[E0599]: no method named `is_dgram` found for struct `FileDescriptor` in the current scope
[INFO] [stdout]   --> src/logd.rs:98:46
[INFO] [stdout]    |
[INFO] [stdout] 98 |         } else if raw_fd.is_unix() && raw_fd.is_dgram() {
[INFO] [stdout]    |                                              ^^^^^^^^ method not found in `FileDescriptor`
[INFO] [stdout] 
[INFO] [stdout] 
[INFO] [stdout] error[E0277]: `(dyn std::error::Error + Send + 'static)` cannot be shared between threads safely
[INFO] [stdout]    --> src/logd.rs:120:57
[INFO] [stdout]     |
[INFO] [stdout] 120 |     daemon::notify(false, &[daemon::NotifyState::Ready])?;
[INFO] [stdout]     |                                                         ^ `(dyn std::error::Error + Send + 'static)` cannot be shared between threads safely
[INFO] [stdout]     |
[INFO] [stdout]     = help: the trait `Sync` is not implemented for `(dyn std::error::Error + Send + 'static)`
[INFO] [stdout]     = note: required because of the requirements on the impl of `Sync` for `Unique<(dyn std::error::Error + Send + 'static)>`
[INFO] [stdout]     = note: required because it appears within the type `Box<(dyn std::error::Error + Send + 'static)>`
[INFO] [stdout]     = note: required because it appears within the type `Option<Box<(dyn std::error::Error + Send + 'static)>>`
[INFO] [stdout]     = note: required because it appears within the type `error_chain::State`
[INFO] [stdout]     = note: required because it appears within the type `libsystemd::errors::Error`
[INFO] [stdout]     = note: required because of the requirements on the impl of `Fail` for `libsystemd::errors::Error`
[INFO] [stdout]     = note: required because of the requirements on the impl of `From<libsystemd::errors::Error>` for `failure::Error`
[INFO] [stdout]     = note: required by `from`
[INFO] [stdout] 
[INFO] [stdout] 
[INFO] [stdout] error: aborting due to 5 previous errors
[INFO] [stdout] 
[INFO] [stdout] 
[INFO] [stdout] Some errors have detailed explanations: E0277, E0599.
[INFO] [stdout] 
[INFO] [stdout] For more information about an error, try `rustc --explain E0277`.
[INFO] [stdout] 
[INFO] [stderr] error: could not compile `rustart`.
[INFO] [stderr] 
[INFO] [stderr] To learn more, run the command again with --verbose.
[INFO] [stderr] warning: build failed, waiting for other jobs to finish...
[INFO] [stdout] error[E0277]: `(dyn std::error::Error + Send + 'static)` cannot be shared between threads safely
[INFO] [stdout]   --> src/logd.rs:79:57
[INFO] [stdout]    |
[INFO] [stdout] 79 |     let mut fds = activation::receive_descriptors(false)?;
[INFO] [stdout]    |                                                         ^ `(dyn std::error::Error + Send + 'static)` cannot be shared between threads safely
[INFO] [stdout]    |
[INFO] [stdout]    = help: the trait `Sync` is not implemented for `(dyn std::error::Error + Send + 'static)`
[INFO] [stdout]    = note: required because of the requirements on the impl of `Sync` for `Unique<(dyn std::error::Error + Send + 'static)>`
[INFO] [stdout]    = note: required because it appears within the type `Box<(dyn std::error::Error + Send + 'static)>`
[INFO] [stdout]    = note: required because it appears within the type `Option<Box<(dyn std::error::Error + Send + 'static)>>`
[INFO] [stdout]    = note: required because it appears within the type `error_chain::State`
[INFO] [stdout]    = note: required because it appears within the type `libsystemd::errors::Error`
[INFO] [stdout]    = note: required because of the requirements on the impl of `Fail` for `libsystemd::errors::Error`
[INFO] [stdout]    = note: required because of the requirements on the impl of `From<libsystemd::errors::Error>` for `failure::Error`
[INFO] [stdout]    = note: required by `from`
[INFO] [stdout] 
[INFO] [stdout] 
[INFO] [stdout] error[E0277]: `(dyn std::error::Error + Send + 'static)` cannot be shared between threads safely
[INFO] [stdout]   --> src/logd.rs:83:65
[INFO] [stdout]    |
[INFO] [stdout] 83 |         daemon::notify(false, &[daemon::NotifyState::Errno(22)])?;
[INFO] [stdout]    |                                                                 ^ `(dyn std::error::Error + Send + 'static)` cannot be shared between threads safely
[INFO] [stdout]    |
[INFO] [stdout]    = help: the trait `Sync` is not implemented for `(dyn std::error::Error + Send + 'static)`
[INFO] [stdout]    = note: required because of the requirements on the impl of `Sync` for `Unique<(dyn std::error::Error + Send + 'static)>`
[INFO] [stdout]    = note: required because it appears within the type `Box<(dyn std::error::Error + Send + 'static)>`
[INFO] [stdout]    = note: required because it appears within the type `Option<Box<(dyn std::error::Error + Send + 'static)>>`
[INFO] [stdout]    = note: required because it appears within the type `error_chain::State`
[INFO] [stdout]    = note: required because it appears within the type `libsystemd::errors::Error`
[INFO] [stdout]    = note: required because of the requirements on the impl of `Fail` for `libsystemd::errors::Error`
[INFO] [stdout]    = note: required because of the requirements on the impl of `From<libsystemd::errors::Error>` for `failure::Error`
[INFO] [stdout]    = note: required by `from`
[INFO] [stdout] 
[INFO] [stdout] 
[INFO] [stdout] error[E0599]: no method named `is_stream` found for struct `FileDescriptor` in the current scope
[INFO] [stdout]   --> src/logd.rs:88:39
[INFO] [stdout]    |
[INFO] [stdout] 88 |         if raw_fd.is_unix() && raw_fd.is_stream() {
[INFO] [stdout]    |                                       ^^^^^^^^^ method not found in `FileDescriptor`
[INFO] [stdout] 
[INFO] [stdout] 
[INFO] [stdout] error[E0599]: no method named `is_dgram` found for struct `FileDescriptor` in the current scope
[INFO] [stdout]   --> src/logd.rs:98:46
[INFO] [stdout]    |
[INFO] [stdout] 98 |         } else if raw_fd.is_unix() && raw_fd.is_dgram() {
[INFO] [stdout]    |                                              ^^^^^^^^ method not found in `FileDescriptor`
[INFO] [stdout] 
[INFO] [stdout] 
[INFO] [stdout] error[E0277]: `(dyn std::error::Error + Send + 'static)` cannot be shared between threads safely
[INFO] [stdout]    --> src/logd.rs:120:57
[INFO] [stdout]     |
[INFO] [stdout] 120 |     daemon::notify(false, &[daemon::NotifyState::Ready])?;
[INFO] [stdout]     |                                                         ^ `(dyn std::error::Error + Send + 'static)` cannot be shared between threads safely
[INFO] [stdout]     |
[INFO] [stdout]     = help: the trait `Sync` is not implemented for `(dyn std::error::Error + Send + 'static)`
[INFO] [stdout]     = note: required because of the requirements on the impl of `Sync` for `Unique<(dyn std::error::Error + Send + 'static)>`
[INFO] [stdout]     = note: required because it appears within the type `Box<(dyn std::error::Error + Send + 'static)>`
[INFO] [stdout]     = note: required because it appears within the type `Option<Box<(dyn std::error::Error + Send + 'static)>>`
[INFO] [stdout]     = note: required because it appears within the type `error_chain::State`
[INFO] [stdout]     = note: required because it appears within the type `libsystemd::errors::Error`
[INFO] [stdout]     = note: required because of the requirements on the impl of `Fail` for `libsystemd::errors::Error`
[INFO] [stdout]     = note: required because of the requirements on the impl of `From<libsystemd::errors::Error>` for `failure::Error`
[INFO] [stdout]     = note: required by `from`
[INFO] [stdout] 
[INFO] [stdout] 
[INFO] [stdout] error: aborting due to 5 previous errors
[INFO] [stdout] 
[INFO] [stdout] 
[INFO] [stdout] Some errors have detailed explanations: E0277, E0599.
[INFO] [stdout] 
[INFO] [stdout] For more information about an error, try `rustc --explain E0277`.
[INFO] [stdout] 
[INFO] [stderr] error: build failed
[INFO] running `Command { std: "docker" "inspect" "00f09989b0ba02e91552557efe5805062380fd7c6bf166d1f801e31782a4127d", kill_on_drop: false }`
[INFO] running `Command { std: "docker" "rm" "-f" "00f09989b0ba02e91552557efe5805062380fd7c6bf166d1f801e31782a4127d", kill_on_drop: false }`
[INFO] [stdout] 00f09989b0ba02e91552557efe5805062380fd7c6bf166d1f801e31782a4127d
